 2) + 22 - (-1 - 0).
2
What is -8 + 1 + 10 + -8?
-5
Calculate 4 - (6 - (-5 + 3 - -4)).
0
2 - (2 + (-5 - -4))
1
What is the value of (-8 + -2 - -8 - -5) + -12?
-9
Calculate 2 - (-1 - (3 - (3 + 2))).
1
What is the value of (54 + -51 - (1 - -4)) + 2?
0
What is the value of 4 - (-42 + 50 - (2 + 4))?
2
30 + -9 + -9 + -16
-4
Calculate -9 + 2 - (7 - 8).
-6
What is 11 + -3 + -4 + (-3 - -1)?
2
Calculate -1 - 1 - (17 - 15).
-4
What is the value of 1 + 2 - (1 - -7)?
-5
What is the value of 11 - (6 - (0 + 0))?
5
What is (-1 - (3 + -5)) + (2 - 7)?
-4
7 + (-1 - 0 - (4 + -2))
4
6 - -4 - 10 - -1
1
Calculate -1 + -5 - (52 - 58).
0
Calculate 5 - (-2 + -2 + (5 - -1)).
3
(-39 - -47) + (-11 - 1) - -10
6
What is -4 + (2 + 4 - 8) - -9?
3
Evaluate -6 - (5 + (-7 - 4)).
0
Evaluate (2 + -1 - 0) + -1 + 3.
3
Evaluate -3 - ((-6 - -3) + (1 - 2)).
1
What is the value of 2 + (0 - -2 - 0) - 7?
-3
What is 6 - (11 - 2 - 11)?
8
What is the value of -2 - (3 + 0 + (-13 - -10))?
-2
18 - 3 - 5 - 8 - -6
8
What is -4 + (-8 - -18) + -11?
-5
Evaluate -8 + (15 - 8) - (-5 - -2).
2
Evaluate 0 - (-2 - -2) - (7 - 6).
-1
Calculate -41 + 40 + (1 - -4).
4
Evaluate -3 + (-38 - -47 - (1 - -1)).
4
What is 14 + -21 + 14 - (2 - -8)?
-3
What is the value of -2 + 1 + -2 + -4?
-7
Evaluate 10 + (0 + -10 - 1).
-1
-1 - 0 - 6 - (-146 + 141)
-2
2 + 1 + 167 + -177
-7
1 + 1 + -2 + 2
2
Evaluate 0 + (2 - (0 - 0)).
2
What is the value of -3 + 1 - (-9 - -10) - -2?
-1
What is -3 + 2 - (9 - 3 - 3)?
-4
-19 - -16 - (1 + -6)
2
2 - (-17 + 21 + 1 + 3)
-6
4 + (-5 - -2) + 0
1
What is the value of -18 + 16 + -5 + 11?
4
What is the value of -4 + -1 - (-28 + (-3 - -21))?
5
Calculate -30 + 15 + -4 + 14.
-5
What is the value of 1 + 1 - (4 - (4 - 1))?
1
What is 1 - 3 - (-15 - (6 + -18))?
1
(3 - 1) + (3 - 9)
-4
What is the value of 0 + 3 - 9 - -1 - -5?
0
Evaluate -3 + (-2 + 0 - 3) + 4.
-4
Evaluate -11 + (-4 - -7) - (-8 + 2).
-2
Calculate (-2 - (5 - 8 - 1)) + -6.
-4
What is the value of 2 + -8 + -2 + (-312 - -312)?
-8
Calculate 0 - 4 - (3 - (8 + -8)).
-7
What is -2 - (-6 + -8 - -6)?
6
-6 - (0 + -3 + (2 - 3))
-2
Calculate -3 + (1 + -3 - -4 - 4).
-5
Evaluate 0 + -5 + 2 + -1.
-4
What is 7 + (11 - 14) + -1?
3
Calculate -3 + (5 - 0) + (-3 - 0).
-1
Evaluate 1 + -10 + 10 - (2 - -2).
-3
Evaluate (0 - 0) + (-1 + -2 - -4).
1
(3 - 4) + -1 + 9 - 5
2
-4 + (3 - 1 - -2) - -1
1
What is the value of 9 - -4 - 11 - (1 + 11)?
-10
Evaluate 0 + (6 - -4) + -8.
2
What is (1 - 1) + 8 + (-3 - 0)?
5
What is -2 - 3 - (-4 + 2)?
-3
What is the value of 1 - ((-6 - -3) + 2)?
2
-2 - (3 + -2 - 3)
0
1 - -1 - (-7 - (5 + -10))
4
Calculate 6 + (0 - (0 - -5)).
1
Calculate -9 + 3 + -2 - -5.
-3
What is the value of 0 + (-3 - -3) + 4?
4
What is (0 - 0) + (-54 - -59)?
5
Evaluate 5 - 5 - (0 + 1).
-1
What is the value of 25 + -10 - (-8 + 12)?
11
Calculate 6 + (-1 - (5 + -5)).
5
5 + 2 - (-2 - (3 + -10))
2
Evaluate -18 + 8 + -6 + 8.
-8
Evaluate 0 + 25 + -42 + 1 + 7.
-9
What is 7 + 0 + -11 + 7?
3
What is the value of -5 + 18 + -6 - (-1 + 3)?
5
Calculate -1 + (-6 - -5) + 5.
3
-3 + -6 + 4 + 7 + -7
-5
Calculate (-2 + -1 - -4) + 3 + -3.
1
Calculate -7 - -4 - (1 - (6 + -1)).
1
-4 - (4 + 1 + -13)
4
-4 - -5 - 4 - (-5 - 3)
5
What is the value of 3 - (4 + -3 + 3) - 4?
-5
Evaluate -2 + (2 - -2) + 69 + -68.
3
What is -5 + (-4 - (-5 + (-4 - -3)))?
-3
-10 + -1 - (-7 - (-7 + 7))
-4
Evaluate 4 + (-16 - -10) + 0.
-2
Calculate -1 - (2 - (-3 - -6)).
0
Calculate -2 - (2 + 3 + -6).
-1
(6 - (3 + 0 + 2)) + 0
1
Evaluate 3 - (-5 + 4 - (-3 + 1)).
2
What is -11 + -13 + 10 + 3 + 3?
-8
What is 4 + -1 + -7 - 3?
-7
Evaluate 14 - (-7 - (5 + -22)).
4
What is (-4 - (-5 - (2 - 1))) + 1?
3
5 + -17 + 0 + 10
-2
Calculate (1 + -3 - -4 - 3) + -3.
-4
What is the value of 0 - -13 - (-14 + 23)?
4
(12 + -8 - (6 - -1)) + -3
-6
-2 + 3 - (2 + -7 - 0)
6
What is (3 - 2) + -2 - (-8 - -5)?
2
-1 + 0 - ((6 - -5) + -8)
-4
Calculate -1 + 0 - (-3 + 3) - 3.
-4
What is the value of -17 + 16 + (1 - 7)?
-7
Evaluate 0 + 1 + 28 + -24.
5
What is 19 - 22 - (2 - 1 - 7)?
3
5 + 9 + -10 + -6
-2
What is -4 + 8 + -5 + 2 + 1?
2
What is (4 - -1) + -4 - -3?
4
Evaluate -1 - (-2 + -5 + (7 - 5)).
4
Evaluate -7 + 3 + -14 + 5 + 8.
-5
What is the value of (4 - 2) + 6 + -6 + -1?
1
What is 1 + -5 - (3 + -8)?
1
Evaluate (-36 - -28) + -1 + 18.
9
Evaluate -5 - (-8 + 1) - 0.
2
Evaluate -8 + 4 + 1 - -6.
3
What is the value of -3 + (-4 - -9) + (1 - 3)?
0
9 - 3 - (7 + -4 - -3)
0
Evaluate -4 + -2 + 6 - -4.
4
What is 24 + -17 + -15 + 1 + 15?
8
Evaluate -4 - (-8 - (-8 - -5)).
1
What is the value of (6 - 1) + (6 - 9)?
2
What is 4 - (6 + -9 + -3 + 7)?
3
Calculate -5 + 3 - (2 - 9 - -3).
2
What is (-6 - 0) + -4 + (2 - -8)?
0
What is -10 + (15 + -16 - (-6 + -1))?
-4
Evaluate -8 + 8 + (1 - (1 - -1)).
-1
What is 4 + -2 + -1 - (2 + 1)?
-2
3 + (-5 + -1 - 1) + -1
-5
What is the value of -2 - (4 + -4 + 5 + 2)?
-9
Evaluate -4 - 3 - (5 + -17).
5
Calculate (0 + 5 - 4) + 0 + 1.
2
What is -1 + -4 + 5 + 0?
0
What is 3 - ((-2 - 2) + 6 + 4)?
-3
What is the value of -1 - -9 - (9 + (-9 - -8))?
0
Evaluate -5 + (0 - -6) - 6.
-5
Evaluate 2 + 1 + -4 + 6 + -4.
1
What is the value of 1 + -3 + 6 + (-2 - -2)?
4
Evaluate 3 - (7 + (3 - 7) - 2).
2
7 + (-3 - 1) + 5 + -4
4
Evaluate 4 + -4 + 0 + 1 + -5.
-4
Evaluate -1 + 2 - (4 + (0 - 3)).
0
What is 23 - 27 - (2 + 2)?
-8
Evaluate -10 + (6 - 3) - -8.
1
Calculate -6 + -5 + (-5 - -5) + 7.
-4
Calculate 0 - 0 - (5 - 8).
3
What is the value of 4 + -2 + -1 + -5 - 1?
-5
What is the value of 3 + -18 + 6 + 1 + 1?
-7
Evaluate 4 + (5 - 8) + -3 + -2.
-4
What is the value of (3 - -2) + -10 + 10 + 3?
8
What is 3 + (-6 - -1 - -1)?
-1
What is -1 + 0 - (3 + 1 + 0)?
-5
What is 6 + (2 - (3 - 4)) + -5?
4
Evaluate (5 - (2 + -5 - -7)) + -7.
-6
Calculate -3 - (-5 - (-11 + 5)) - -10.
6
What is the value of 6 + -12 + 14 + -9?
-1
Evaluate (-3 - (-4 - (2 + -4))) + -4.
-5
(1 + -1 - (-8 + 12)) + 0
-4
-2 - -4 - (-1 + -2)
5
7 - (8 + 3 + -10)
6
Calculate 11 + 2 + -3 + -6.
4
(1 - 6) + (4 - 6)
-7
-5 - (-19 + (-3 - (-11 + 1)))
7
What is the value of 13 - 23 - (-7 - 3)?
0
What is -8 - -2 - -3 - (-9 + 4)?
2
What is 14 - 12 - (0 - 0)?
2
Evaluate -2 + (-3 - -7) - -2.
4
What is -2 + 2 + 3 - (2 - -6)?
-5
Evaluate -5 - (-9 - -2 - -3 - -2).
-3
2 + 0 + (4 - (5 + -3))
4
Evaluate 0 - (1 - (-2 - -3)).
0
Evaluate 7 + 5 + -18 + 8.
2
Calculate (1 - -1 - 12) + -6 + 12.
-4
What is the value of -9 - -3 - -9 - (-1 - -9)?
-5
What is the value of 4 + (-5 + 3 - -2)?
4
What is -1 - -1 - (9 + -4) - -2?
-3
2 + -3 + -2 + 2 + -1
-2
-2 - (8 + (2 - 7))
-5
Evaluate -4 + 18 + -16 - -6.
4
What is 17 - 19 - (-4 + 0)?
2
Calculate -2 - ((-8 - -3) + 5) - 3.
-5
What is the value of -1 + 7 + 2 + -5?
3
Evaluate -1 + 9 - (2 + 3).
3
Calculate (8 - 16) + 0 + 5.
-3
What is -2 - -1 - (-5 - 0)?
4
Evaluate -9 + -3 + (1 - -3) - -3.
-5
Evaluate 5 + 1 - ((-14 - -20) + 3).
-3
What is -4 - (0 + -12 + 4) - 6?
-2
Calculate 11 - (-1 + 1) - (-219 - -227).
3
(-1 - 1) + 2 + 0
0
What is (0 - 10) + (0 - -2)?
-8
79 + -82 - (1 - 0 - 10)
6
What is the value of -2 + (2 - (-2 + -1 + 2))?
1
What is the value of 0 + 9 + -5 - (3 + 1)?
0
-4 + (-7 - -14 - 6)
-3
Evaluate -9 + (2 - (-4 - -2)).
-5
What is the value of 4 + (-4 - (10 + (3 - 6)))?
-7
What is (-2 - -18 - 20) + (-1 - 1)?
-6
Evaluate 0 - (-2 - -1) - 6.
-5
-1 - (7 + 0 + -12)
4
What is the value of -9 - -6 - (1 - 0 - 6)?
2
Calculate 2 - -1 - (-14 + 20 + -6).
3
Evaluate 3 + (-3 + 5 - 13).
-8
Evaluate 0 - -13 - (285 + -278).
6
Calculate (-2 - -1) + -2 + -1 - 1.
-5
What is -11 + (-11 - -8 - -21)?
7
Calculate (1 - 4) + 6 + -5 + 0.
-2
Evaluate 7 + -4 + (-3 - 1) + 1.
0
Evaluate -12 + (-5 + 2 - -6).
-9
Calculate 9 - 5 - (-1 - -10).
-5
-160 + 158 - (4 - -1 - -2)
-9
Calculate (-4 - (-1 - -1)) + (-62 - -65).
-1
Calculate -4 - 0 - (-13 - (1 + -11)).
-1
Calculate 13 + -6 + (11 - 12).
6
Evaluate -2 + 4 + 7 + -7.
2
Evaluate -1 + -10 + 2 + 4 - -7.
2
Evaluate 4 + 7 + -7 + 2 + -2.
4
Calculate -6 + (-9 - 3) - -9.
-9
1 + 1 - (0 + -1)
3
Evaluate 4 + (-1 - 2) + 0 + -4.
-3
What is the value of -7 - (-7 - 1) - -2?
3
Evaluate -2 + 7 - (-2 - -4) - 5.
-2
What is the value of -1 + 4 - (-19 - -24)?
-2
Evaluate 2 + -1 + -2 - (1 + -1).
-1
What is (9 - 19) + 17 + 0?
7
-1 + 1 - (-12 + 3)
9
Evaluate 4 - (1 + 7 + -3 + 0).
-1
Evaluate 0 - (-3 + (3 - 5) + 1).
4
Evaluate (1 - (2 + (7 - 3))) + 11.
6
Calculate 4 + (-4 - (-5 + (12 -